5) - 104508/(-135)?
7
Suppose 3*i - 5*n = 2123, 0 = n + 4. What is the hundreds digit of i?
7
Suppose -6*m = -7*m - 2*f + 2580, -4*m - 3*f = -10305. What is the tens digit of m?
7
What is the hundreds digit of (33 + 1)/(-5*4/(-320))?
5
Let s = 13 + -11. Suppose 25 = y - 5*k, 6 = -s*y + k + 38. What is the tens digit of (-150)/(-7) + y/(-35)?
2
Suppose -3*t - 4*y = 125, 4*t + 104 = y - 88. Let c = 47 - 20. Let v = c - t. What is the tens digit of v?
7
Let g = 35 + 205. Suppose 5*m + 2*o = 279, -2*m + 4*o + g = 2*m. What is the tens digit of m?
5
Let b be (-3)/((-5)/(7 + -2)). Suppose -g - 95 - 83 = -b*t, 0 = 2*t - 3*g - 114. What is the tens digit of t?
6
Suppose 2*f = 3*f - 2*q - 2, -4*q = 3*f - 16. Let c(z) = 2*z**3 + 4*z - 6. What is the tens digit of c(f)?
3
Let y(w) = -w**3 - 20*w**2 - 20*w + 5. Suppose 2*x + 5*k + 38 = 0, 4*x + 51 = 4*k - 25. What is the units digit of y(x)?
4
Let h be (-5 + 2)/(2/2). What is the tens digit of ((-45)/(-4))/(4/(-320)*h)?
0
Let c(r) = 22*r + 9. Let y be 1 - ((-3 + -1)/(-4))/(-1). What is the tens digit of c(y)?
5
What is the tens digit of (-12562)/33*3/(-2)?
7
Suppose -5*j + 5 = 5*c, 0 = 5*c + 3*j - j - 14. Suppose 0 = c*p - 0*p - 280. What is the tens digit of p?
7
Let v(k) = -k**3 + 12*k**2 - 3*k + 12. Let c be v(12). Let l be c/9*(3 - 6). Suppose -147 = -5*x - 2*n + l, x - 8 = -5*n. What is the units digit of x?
3
Suppose -3*u = k - 353, -k = -5*k - u + 1390. What is the tens digit of k?
4
Let r be ((-4)/8)/(2 + 9/(-4)). Suppose -r*p - 52 = -302. What is the tens digit of p?
2
Let r(b) = 13*b - 29*b + 12*b + 21 + 7*b. What is the units digit of r(9)?
8
Let v be 1982/6 + (-18)/54. What is the tens digit of (v/(-45))/((-4)/6)?
1
Let y(i) = i**2 - 7*i - 5. Let a be y(8). What is the units digit of (-3 + 1)/1 - a*-16?
6
Let w(a) = -37*a + 4. Suppose 3*r + 0*r = 5*i + 19, 5*i = -3*r - 1. Let l be w(i). Suppose 100 = 5*x + 4*d - d, 2*d - l = -4*x. What is the tens digit of x?
1
Let i(d) = 8*d**2 - 8*d - 74. Let p be i(-7). Let y = p - 101. What is the hundreds digit of y?
2
Let w(g) = 150*g + 18. What is the tens digit of w(3)?
6
Let q(k) = -5*k + 5*k**2 + 1 - 3*k**2 + 5*k. What is the units digit of q(-3)?
9
Suppose 2*t + 694 = -l + 2516, 2*l = 4. What is the tens digit of t?
1
Let y = 4 - 3. Let k(c) = -c - y + 2 - 6 + 2*c. What is the units digit of k(9)?
4
Suppose 0 = 54*d + 12264 - 114378. What is the hundreds digit of d?
8
Suppose -2*y + 2 - 4 = 0. Suppose c + 7 = 4*g + 35, 2*g = -2*c + 16. What is the tens digit of 342/c + y/2?
2
Let c = 11 - 2. Suppose -w + 7 = -3*z, 0 = -z - 2*z + c. What is the units digit of w?
6
Suppose 0 = -3*w + 6*j - 3*j + 3729, 0 = 3*w + 3*j - 3723. What is the units digit of w?
2
Suppose 9*z = 14*z - q - 1200, 1220 = 5*z + 3*q. What is the units digit of z?
1
Let v be (-4768)/20 - 2/(-5). Let p = -58 - v. Suppose -p = -5*j - 70. What is the units digit of j?
2
What is the tens digit of (-13)/(-3) - 4 - 2108/(-3)?
0
Let g be (-360)/16*4/(-3). Let k be 15/(-3 - -6) - 2. Let x = k + g. What is the tens digit of x?
3
Let y(p) = 33*p**2 + 4*p + 1. Let d(l) = 49*l**2 + 6*l + 2. Let h(x) = -5*d(x) + 8*y(x). What is the tens digit of h(3)?
7
Suppose 2*k + 1288 = 4*k + 4*z, 2*k - 1292 = -2*z. Let r = k + -450. What is the tens digit of r?
9
Suppose -4*m + 0*m + 12 = 0. Suppose 9 = 4*g + 5*q, 4*g + m*q = -9 + 24. Let h(u) = -u**3 + 7*u**2 - 6*u + 2. What is the units digit of h(g)?
2
Let j = 112 + -107. Suppose 5*x - 66 - 179 = 0. Let d = x - j. What is the units digit of d?
4
Suppose -5*g - c + 14 = 0, 0 = 2*g + c - 5 - 0. Suppose -g*y - 69 = -u, 4*u - 4*y - 14 = 262. What is the tens digit of u?
6
Suppose 2*u + 78 = -14. Let i = u + 54. What is the units digit of i?
8
What is the hundreds digit of (-1)/(-9) - (-5578)/18?
3
What is the thousands digit of 395/158*(-5416)/(-10)?
1
Let v = -46 - -76. What is the tens digit of ((-180)/(-25))/(4/v)?
5
Suppose -16*k = -19*k + 2616. What is the units digit of k?
2
Let c(j) = 3*j - 4. Let f be c(-3). Let i = f - -17. Suppose 0 = -i*o - 1 + 9. What is the units digit of o?
2
Suppose -3*r = 4*f - 1462, 2*r + 0*f = -f + 973. What is the hundreds digit of r?
4
Suppose 6*b - 8*b - 1231 = -f, -3*f - 4*b + 3663 = 0. What is the thousands digit of f?
1
Let w be ((-6)/(-9))/((-1)/3). Let d be (42/4)/(33/44). Let r = w + d. What is the units digit of r?
2
Let u(s) = 7*s**2 + 4*s + 3. Let x be u(-1). Suppose -r = -x*r + 20. Suppose b - r*o - 54 = 0, 0*b + 75 = b + 3*o. What is the tens digit of b?
6
Let q(a) = 5*a + 1 - 7 - 1. Let i be q(3). What is the units digit of (-8 - 0)*(-6)/i?
6
Let m be 5*1*(-4)/(-5). Let d = 3 - -5. Suppose m*q - d = 24. What is the units digit of q?
8
What is the thousands digit of ((-81)/(-6))/9 + 29106/12?
2
Suppose 0 = q - 3*j - 1170, -2*j - 3*j - 1170 = -q. Suppose -q = 8*x - 3482. What is the hundreds digit of x?
2
Let m(s) = -2109*s + 6. What is the tens digit of m(-1)?
1
Suppose 24 = 4*z + 2*n, -3*z - 2*n = n - 24. Suppose -6*x - z*r = -5*x - 202, 0 = -2*x - 5*r + 392. What is the hundreds digit of x?
1
Let h(j) = -62*j - 3. Let w be h(-1). Let i = w + 30. What is the tens digit of i?
8
What is the tens digit of (6/(-5))/(((-27)/3720)/3)?
9
Suppose -5*v - k + 18 = 0, -8*v + 3*v - 4*k + 27 = 0. Suppose -o = -4*m + 513, -v*m + 2*o = o - 385. What is the units digit of m?
8
Let y(b) = b**3 - 15*b**2 + 25*b + 7. What is the units digit of y(14)?
1
Let t(u) = u**3 - 9*u**2 + 16*u - 4. Let m be t(7). What is the tens digit of -2*2/m*(-4185)/9?
8
Suppose -3*o + 4 = t + 2*o, -18 = -2*t - 5*o. Let c be 4/(-8)*3*56. What is the units digit of (144/c)/((-1)/t)?
4
Let g(d) = -3*d - 17. Let z(v) = -2*v + 68. Let j be z(0). Suppose -j = 5*c + 7. What is the tens digit of g(c)?
2
Let r(o) = -o**3 + 11*o**2 + 5. Suppose 0 = -5*n + 3 + 2. Let g(c) = 12*c**2 - 2*c + 1. Let d be g(n). What is the units digit of r(d)?
5
Suppose 6*s = -4*s + 230. Suppose 17*v + 1656 = s*v. What is the hundreds digit of v?
2
What is the units digit of -4*(-4 - -3)*-1 + 26?
2
Let g be 1 + (-280)/(-3) + (-4)/12. Suppose -2*c = -s + c + g, -4*s + 396 = -2*c. What is the tens digit of s?
0
Let n(q) = 10*q**2 + 2*q - 6*q + q + 7 + q. What is the hundreds digit of n(-3)?
1
Let u(a) = a**3 + 3*a**2 + 9*a - 19. Let b = -84 + 87. What is the tens digit of u(b)?
6
Suppose 0 = -b, 3*x + 5*b + 8 = 2*x. Let u be 0*(-1 - 4/x). What is the units digit of (u - -10)/2 + 2?
7
Suppose -3*v - 207 - 2155 = -2*z, 1174 = z - 5*v. What is the thousands digit of z?
1
Let g(t) = -t**3 - 5*t**2 - 10*t + 2. Let r be 174/(-21) - ((-74)/14 + 5). What is the tens digit of g(r)?
7
Let d be (-8 + 28)/(0 - 1). Let y = d + -4. Let o = -16 - y. What is the units digit of o?
8
Let g = 1788 + 3227. What is the thousands digit of g?
5
Suppose -4*d + 11776 = 10*s - 6*s, -5*s + 4*d + 14693 = 0. What is the tens digit of s?
4
Let l be (2/(-5))/((-7)/805). Suppose o = 5*b + l, -o = o - 2*b - 124. What is the units digit of o?
6
Let w(o) = -6*o - 3. Let k be w(-1). Suppose 4*h = k*h + 54. What is the units digit of h?
4
Let a(y) = 0*y - 3 - 2 + 0 + 4*y**2 + 5*y. What is the tens digit of a(-5)?
7
Let h = 1287 - -26. What is the hundreds digit of h?
3
Suppose -3*n + 4*n = 5. Let a(m) be the second derivative of m**4/6 - m**3/6 - m**2 - 7*m. What is the units digit of a(n)?
3
Let w(o) = 8*o**2 - 12*o + 1. Let i be w(-3). Suppose 2*p + 5*m - i = 0, 0 = 8*p - 3*p - 3*m - 226. What is the tens digit of p?
4
Let c(g) = g**2 + 10*g + 8. What is the hundreds digit of c(9)?
1
Let d(m) = -72 + 4*m - 51 + 106. Suppose -5 = -x + 2. What is the tens digit of d(x)?
1
Let s(n) = 28*n**2 - 3. Let o be s(-2). Suppose -2*j + 74 = 3*r + 11, 0 = 5*r + 2*j - o. What is the units digit of r?
3
Suppose -2*p + b = -25 - 1, 3*b = 6. Let z = -14 + p. Suppose 7*t - 2*t - 240 = z. What is the tens digit of t?
4
Let h(g) = -g + 106. Let o be 9/((-9)/(-2)) - 1*2. What is the hundreds digit of h(o)?
1
Let q be 6/(-24) - (-501)/(-12). Let w = 43 + q. What is the units digit of w?
1
Let r(m) = 8*m**2 - 9*m + 107. What is the tens digit of r(9)?
7
Let f(j) = -22*j**3 + 3*j + 4. What is the tens digit of f(-1)?
2
Let x(s) = -4*s - 15. Let r(b) = 2*b + 8. Let i(h) = -13*r(h) - 6*x(h). What is the units digit of i(-11)?
8
Suppose 0 